) = 27*y**3 + y**2 + y - 1. What is the units digit of z(1)?
8
Let u(w) = w**3 + 3*w**2 - 3*w - 4. Let m be u(-3). Suppose -2*f - 16 = -4*z, -5*z - m*f = -9 - 26. What is the units digit of z?
5
Let m(t) = 86*t**2 + 1. What is the tens digit of m(-1)?
8
Let k(c) = -c**2 - 6*c - 2. Suppose -3*j - l - 38 + 8 = 0, 0 = 5*j - 2*l + 39. Let g = -13 - j. What is the units digit of k(g)?
6
Let k = 10 - 5. Suppose 5*c - 25 = -5*t, -16 = -c - 4*t + 4. Suppose -5*s + 4*j + 0*j + 46 = c, -s + 5*j + k = 0. What is the tens digit of s?
1
Let v be 70/9 + 6/27. Let i = v + -5. What is the units digit of i?
3
Let q(d) = -d + 7. What is the units digit of q(3)?
4
Let g = 3 + 3. Let z(l) = -6*l**2 + 5*l - 3. Let a(v) = v**2. Let s(x) = -5*a(x) - z(x). What is the units digit of s(g)?
9
Suppose -5*f - 2*c - 3*c + 105 = 0, 4*f - c - 84 = 0. What is the tens digit of f?
2
Suppose 3*m + 2 = 32. Let h = m + -10. Suppose h = v - p - 11, 2*v + 49 = 7*v - 2*p. What is the units digit of v?
9
Let g = 27 + -6. What is the units digit of g?
1
Let h(q) = -q**2 + 4. Let a be h(-4). What is the units digit of (5 - 3) + a/(-2)?
8
Suppose -2*b = t - 3*b - 8, 32 = 3*t - b. What is the tens digit of t?
1
Suppose 10 = 4*k - 10. Let j(q) be the second derivative of q**4/12 - 2*q**3/3 - q**2 - 2*q. What is the units digit of j(k)?
3
Let x(b) = -b**2 - 8*b - 7. Let m be 3 - 11 - (-2 - 0). Let i = m + 1. What is the units digit of x(i)?
8
Suppose 0*g - g = 6. Let x = g + 8. What is the units digit of x?
2
Let f(h) = -4*h**3 - h**2 - h - 1. Let i be f(-1). Suppose i*z = -4 + 10. What is the units digit of -3*z/(2/(-3))?
9
What is the hundreds digit of (-2 - -7*15) + -5 + 2?
1
Suppose 3*v - 8 = -v. Suppose -3*r = -5*r. What is the units digit of r*v/6 + 5?
5
Let z = -124 + 143. What is the tens digit of z?
1
Let j(y) = 3*y**3 + 2*y**2 - 1. Let x be j(1). Suppose 0 = 5*c - x*c + 5*g - 35, -c + 3 = -3*g. What is the tens digit of c?
1
Suppose 42 = 2*q + 30. Let y(a) = 10*a**2 + a - 28. Let i(l) = 3*l**2 - 9. Let h(p) = 7*i(p) - 2*y(p). What is the tens digit of h(q)?
1
Suppose 0*k = 4*k + 4, -z + 2*k + 7 = 0. Suppose z*i - 56 = -476. What is the units digit of i/(-10) + 2/(-5)?
8
Suppose 6 = -j - 7. Let q be j + (0 - -3)/1. Let y = 16 + q. What is the units digit of y?
6
Suppose -5*n - 84 = -184. What is the tens digit of n?
2
Suppose 0 = -2*b + b + 32. Let l = -19 + b. What is the units digit of l?
3
Let q(u) = -2*u**2 + 13*u - 1. Let w be q(6). Suppose 4*z + 189 = w*r, r - 49 = -3*z + z. What is the tens digit of r?
4
Let q(g) = g**3 - 3*g**2 - 20*g + 7. What is the units digit of q(8)?
7
Suppose 151 - 1 = 3*k. What is the units digit of k?
0
What is the tens digit of 4/(-22) - (-1491)/33?
4
Let b(w) = -w**3 - 6*w**2 + 3*w - 10. Suppose 2*x + 13 + 1 = 0. What is the tens digit of b(x)?
1
Let u be -1 - (2 - 7 - 0). Suppose u*v + 4*t = 47 - 11, 52 = 3*v - 2*t. What is the units digit of 38/v + 2/7?
3
Let b(v) = v**3 + 6*v**2 - 19*v - 7. What is the units digit of b(-8)?
7
Suppose 5*r = 2*b + 193, -3*b - 53 = -5*r + 139. What is the tens digit of r?
3
Let m be -1 + 0 + 3/1. Suppose -2*o + 6 = -m. Suppose 0 = -0*p + o*p - 4. What is the units digit of p?
1
Suppose -4*o + b = -0*b - 7, 0 = o + 2*b + 5. Let l be 0/((o + 1)*1). Suppose l*u = -u + 11. What is the units digit of u?
1
Let y = -25 - -30. Suppose -76 = -3*g - g. Let w = g - y. What is the units digit of w?
4
Suppose 4*f - 3 + 11 = 0, b = 4*f + 20. Let i = b - 17. What is the units digit of (i - -4)*(1 + -2)?
1
Let u(h) be the third derivative of -h**4/8 + 7*h**3/6 + 2*h**2. Let g be u(8). Let y = -7 - g. What is the tens digit of y?
1
What is the tens digit of -1 + -2 - (-50 - -7)?
4
Let k be (0 + -2 + 3)*5. Let a = k + -10. Let p = -3 - a. What is the units digit of p?
2
Let v = 0 - -26. Let t = 38 - v. Suppose 0 = -5*o + o + t. What is the units digit of o?
3
Suppose 0 = 2*n - 4*n + 2*f, 0 = -5*n - 5*f + 40. What is the units digit of (-1)/(0 + n/(-176))?
4
Let t(s) = -s - 2. Let h be t(-4). Suppose -g = -h*g - 2. What is the tens digit of g/6 + (-93)/(-9)?
1
Suppose -p + 0 = -5. What is the units digit of p?
5
Let r(d) = -d**3 - 2*d**2 - d + 1. Let n be r(-2). Suppose 51 = -0*u + n*u. What is the tens digit of u?
1
Suppose 5*h - 130 = -5*r, -8 - 27 = -r - 4*h. Let b = -13 + r. What is the units digit of b?
0
Let x = 10 + 5. Let s = 22 - x. What is the units digit of s?
7
Let w = -17 - -38. What is the tens digit of w?
2
Let z(j) = 4*j**2 + 5*j + 1. Let f be -3 + (2 - 9/3). Let y be z(f). What is the units digit of (2/3)/(10/y)?
3
Let o(t) = -t**2 - 16*t - 2. What is the units digit of o(-12)?
6
Let f = -14 - -29. What is the tens digit of f?
1
Suppose 2*j + 5*j = 217. What is the units digit of j?
1
Suppose -2*i + 295 + 131 = 0. What is the hundreds digit of i?
2
Suppose 0 = -3*o + 5*m + 54, 25 + 11 = 2*o - 4*m. What is the units digit of o?
8
Let x be 2/(-3)*-24*1. Suppose -l - 46 = -5*z, 3*z - z = l + x. What is the units digit of z?
0
Let o be 2*(-3)/(-2) - 2. What is the units digit of (-36)/4*o/(-3)?
3
Let f(t) = -t**3 - 6*t**2 + 6*t + 5. Let d = 2 + -9. What is the units digit of f(d)?
2
Suppose -s - 5*j + 25 = 0, -4*s + 5*j = -97 - 28. What is the units digit of s?
0
Let d be 4*1*20/16. Suppose -5*r + d = -4*r. Suppose 2*u = -5*x + 5, 0 = r*x - 2*u - 26 + 1. What is the units digit of x?
3
Let p(n) be the first derivative of -n**5/20 - n**4/4 + n**3/3 - n**2 + 2*n - 1. Let x(v) be the first derivative of p(v). What is the units digit of x(-4)?
6
Suppose 0 = 2*r - 7*r + 4*y - 34, -4*r - 2*y - 48 = 0. Let b = 16 + r. Suppose f - 6*k = -k - b, 45 = 4*f + 3*k. What is the units digit of f?
9
Let c(h) = h + 14. Let u be c(-6). Let x(s) = s**3 - 6*s**2 - 10*s + 8. Let j be x(u). Suppose 2*z + j = 5*i, -i - 10 = -4*z - 32. What is the tens digit of i?
1
Suppose 244 = 6*m - 3*m - w, 5*w = -5. What is the units digit of m?
1
Let v = -5 - -7. Suppose 6*t = t - g + 45, -31 = -v*t - 3*g. What is the units digit of t?
8
Let z(b) = 2*b**2 - 4*b - 10. What is the units digit of z(-4)?
8
Let c = 26 - -18. What is the tens digit of c?
4
Let k(b) = b**2 - 12*b + 8. Let s be k(11). Let c(j) = -j**3 + 4*j + 1. What is the units digit of c(s)?
6
Let n = 61 - -38. What is the tens digit of n?
9
Let b(o) = o**2 + 8*o + 3. Let t be b(-5). What is the units digit of ((-81)/t)/((-6)/(-16))?
8
Suppose 2*g + 6 = 2*a, a + a - 1 = -3*g. Let l(n) = n**2 - 4*n + 4. Let p be l(-4). Suppose 4*k - p = -2*y, 54 = y + a*y - k. What is the units digit of y?
8
Let s(c) be the second derivative of c**3/6 + c**2/2 - 2*c. Let p be s(-5). Let x = 9 + p. What is the units digit of x?
5
Let c(z) = -7*z + 3. Suppose -v - v - 6 = 0. Let o be c(v). Suppose 3*l - o = 21. What is the units digit of l?
5
Let u(r) = 2*r. Let h be u(-3). Let b = -3 - h. What is the units digit of b?
3
Let l be (5 + 3)*1*4. Let p = 50 - l. What is the units digit of p?
8
Let d(x) = x + 2. Let p = -2 + 5. Let j be (-2)/p*3 + 10. What is the tens digit of d(j)?
1
Let n be 8/5 + (-4)/(-10). Suppose 4*z - 42 = n*o, o = -z + 14 + 1. What is the units digit of z?
2
Let u(d) = d**3 + 4*d**2 + 2*d + 1. Let v be u(-2). Let a = -22 + 38. Suppose -m + 28 = 5*l, 21 = v*l + 4*m - a. What is the units digit of l?
5
Let p(o) = 3*o. Suppose -m = 3*m - 20. What is the tens digit of p(m)?
1
Let f(p) = 19*p - 16. What is the tens digit of f(7)?
1
Let h(y) = -1 + 6*y - 3*y + 3 - 4*y. Let p(c) = -c**3 + 3*c**2 - 2*c + 4. Let w be p(3). What is the units digit of h(w)?
4
Suppose -6 = 3*f - z, -3*z = -4*f + f. Let l = 0 - f. Let o = l + 0. What is the units digit of o?
3
Let f(h) = h**3 + 6*h**2 + 4*h + 4. Let r = 3 + -8. What is the units digit of f(r)?
9
Suppose 0 = 3*f - 2*d - 214, -f + 2*d - 24 = -102. What is the tens digit of f?
6
Let c(o) = -o**2 + 17*o - 8. What is the tens digit of c(11)?
5
Let q(u) be the first derivative of 2*u**2 + 11*u - 1. Let b(o) = -o - 2. Let i(y) = -11*b(y) - 2*q(y). What is the tens digit of i(4)?
1
Let t be ((1*-4)/(-1))/1. Let b(a) = a**2 - 3*a + 3. What is the units digit of b(t)?
7
Let z = 30 + 0. What is the units digit of z?
0
Let t(h) = 11*h**2 + 5*h - 11. What is the units digit of t(3)?
3
Let z = -1 - -30. What is the tens digit of z?
2
Let k(f) = 2*f**3 + 3*f**2. 